{"id":79,"date":"2013-05-22T20:33:22","date_gmt":"2013-05-22T08:33:22","guid":{"rendered":"http:\/\/cloud.mayworld.net\/?page_id=79"},"modified":"2023-06-12T21:29:34","modified_gmt":"2023-06-12T19:29:34","slug":"buchausstellung","status":"publish","type":"page","link":"https:\/\/www.buecherei-kaifenheim.de\/?page_id=79","title":{"rendered":"Buchausstellung"},"content":{"rendered":"<h1>J\u00e4hrliche Buchausstellung in Kaifenheim<\/h1>\n<div align=\"left\">\n<p>Die\u00a0K\u00f6b Kaifenheim f\u00fchrt einmal im Jahr, In\u00a0der Regel im Oktober, in der Gemeindehalle Kaifenheim eine Buchausstellung durch. Es werden B\u00fccher\u00a0u.a.\u00a0aus den Bereichen<\/p>\n<ul type=\"disc\">\n<li>Bilderb\u00fccher f\u00fcr die Kleinsten<\/li>\n<li>Kinder- und Jugendb\u00fccher<\/li>\n<li>Romane und Biographien<\/li>\n<li>Sachb\u00fccher und Ratgeber f\u00fcr Erwachsene zu den Themenbereichen Eltern,\u00a0 Erziehung, Gesundheit, Religion, Freizeit, Lernen, Natur und Umwelt, Reisen<\/li>\n<li>Sachb\u00fccher und Ratgeber f\u00fcr Kinder und Jugendliche<br \/>\nsowie<\/li>\n<li>Gesellschaftspiele<\/li>\n<\/ul>\n<p>gezeigt. Alle ausgestellten B\u00fccher und Spiele\u00a0k\u00f6nnen dann vor Ort direkt bestellt werden.<\/p>\n<p>&nbsp;<\/p>\n<p><img loading=\"lazy\" decoding=\"async\" width=\"300\" height=\"225\" class=\" wp-image-139 alignleft\" src=\"https:\/\/www.buecherei-kaifenheim.de\/wp-content\/uploads\/2013\/05\/buchausstellung02.jpg\" alt=\"Buchausstellung\" \/><\/p>\n<p>W\u00e4hrend der Ausstellung haben die &#8222;J\u00fcngsten&#8220; die M\u00f6glichkeit vorhandene Gesellschaftsspiele aus dem Bestand der B\u00fccherei &#8222;auszuprobieren&#8220;. Die\u00a0&#8222;Erwachsenen&#8220;\u00a0st\u00e4rkten sich\u00a0in\u00a0der Zwischenzeit\u00a0bei\u00a0Kaffee und\u00a0Kuchen.<\/p>\n<p style=\"text-align: left;\"><span style=\"color: #000000;\">Der Erl\u00f6s der Ausstellung kommt der B\u00fccherei zu Gute und wird f\u00fcr die Anschaffung neuer B\u00fccher und Gesellschaftsspiele verwendet.<\/span><\/p>\n<h4 style=\"text-align: center;\"><span style=\"color: #000000;\">Im Namen des Teams m\u00f6chten wir uns bei\u00a0 allen f\u00fcr<br \/>\nIhren Besuch recht herzlich bedanken! <\/span><\/h4>\n<p>&nbsp;<\/p>\n<h3>Impressionen zur Buchausstellung<br \/>\n<a href=\"https:\/\/www.buecherei-kaifenheim.de\/wp-content\/uploads\/IMG-20151025-0000.jpg\" rel=\"lightbox[79]\"><img loading=\"lazy\" decoding=\"async\" class=\"alignnone size-thumbnail wp-image-987\" src=\"https:\/\/www.buecherei-kaifenheim.de\/wp-content\/uploads\/IMG-20151025-0000-150x150.jpg\" alt=\"IMG-20151025-0000\" width=\"150\" height=\"150\" \/><\/a> <a href=\"https:\/\/www.buecherei-kaifenheim.de\/wp-content\/uploads\/IMG-20151025-0012.jpg\" rel=\"lightbox[79]\"><img loading=\"lazy\" decoding=\"async\" class=\"alignnone size-thumbnail wp-image-997\" src=\"https:\/\/www.buecherei-kaifenheim.de\/wp-content\/uploads\/IMG-20151025-0012-150x150.jpg\" alt=\"IMG-20151025-0012\" width=\"150\" height=\"150\" \/><\/a> <a href=\"https:\/\/www.buecherei-kaifenheim.de\/wp-content\/uploads\/IMG-20151025-0011.jpg\" rel=\"lightbox[79]\"><img loading=\"lazy\" decoding=\"async\" class=\"alignnone size-thumbnail wp-image-996\" src=\"https:\/\/www.buecherei-kaifenheim.de\/wp-content\/uploads\/IMG-20151025-0011-150x150.jpg\" alt=\"IMG-20151025-0011\" width=\"150\" height=\"150\" \/><\/a> <a href=\"https:\/\/www.buecherei-kaifenheim.de\/wp-content\/uploads\/IMG-20151025-0010.jpg\" rel=\"lightbox[79]\"><img loading=\"lazy\" decoding=\"async\" class=\"alignnone size-thumbnail wp-image-995\" src=\"https:\/\/www.buecherei-kaifenheim.de\/wp-content\/uploads\/IMG-20151025-0010-150x150.jpg\" alt=\"IMG-20151025-0010\" width=\"150\" height=\"150\" \/><\/a> <a href=\"https:\/\/www.buecherei-kaifenheim.de\/wp-content\/uploads\/IMG-20151025-0009.jpg\" rel=\"lightbox[79]\"><img loading=\"lazy\" decoding=\"async\" class=\"alignnone size-thumbnail wp-image-994\" src=\"https:\/\/www.buecherei-kaifenheim.de\/wp-content\/uploads\/IMG-20151025-0009-150x150.jpg\" alt=\"IMG-20151025-0009\" width=\"150\" height=\"150\" \/><\/a> <a href=\"https:\/\/www.buecherei-kaifenheim.de\/wp-content\/uploads\/IMG-20151025-0008.jpg\" rel=\"lightbox[79]\"><img loading=\"lazy\" decoding=\"async\" class=\"alignnone size-thumbnail wp-image-993\" src=\"https:\/\/www.buecherei-kaifenheim.de\/wp-content\/uploads\/IMG-20151025-0008-150x150.jpg\" alt=\"IMG-20151025-0008\" width=\"150\" height=\"150\" \/><\/a> <a href=\"https:\/\/www.buecherei-kaifenheim.de\/wp-content\/uploads\/IMG-20151025-0007.jpg\" rel=\"lightbox[79]\"><img loading=\"lazy\" decoding=\"async\" class=\"alignnone size-thumbnail wp-image-992\" src=\"https:\/\/www.buecherei-kaifenheim.de\/wp-content\/uploads\/IMG-20151025-0007-150x150.jpg\" alt=\"IMG-20151025-0007\" width=\"150\" height=\"150\" \/><\/a> <a href=\"https:\/\/www.buecherei-kaifenheim.de\/wp-content\/uploads\/IMG-20151025-0006.jpg\" rel=\"lightbox[79]\"><img loading=\"lazy\" decoding=\"async\" class=\"alignnone size-thumbnail wp-image-991\" src=\"https:\/\/www.buecherei-kaifenheim.de\/wp-content\/uploads\/IMG-20151025-0006-150x150.jpg\" alt=\"IMG-20151025-0006\" width=\"150\" height=\"150\" \/><\/a> <a href=\"https:\/\/www.buecherei-kaifenheim.de\/wp-content\/uploads\/IMG-20151025-0003.jpg\" rel=\"lightbox[79]\"><img loading=\"lazy\" decoding=\"async\" class=\"alignnone size-thumbnail wp-image-990\" src=\"https:\/\/www.buecherei-kaifenheim.de\/wp-content\/uploads\/IMG-20151025-0003-150x150.jpg\" alt=\"IMG-20151025-0003\" width=\"150\" height=\"150\" \/><\/a> <a href=\"https:\/\/www.buecherei-kaifenheim.de\/wp-content\/uploads\/IMG-20151025-0002.jpg\" rel=\"lightbox[79]\"><img loading=\"lazy\" decoding=\"async\" class=\"alignnone size-thumbnail wp-image-989\" src=\"https:\/\/www.buecherei-kaifenheim.de\/wp-content\/uploads\/IMG-20151025-0002-150x150.jpg\" alt=\"IMG-20151025-0002\" width=\"150\" height=\"150\" \/><\/a> <a href=\"https:\/\/www.buecherei-kaifenheim.de\/wp-content\/uploads\/IMG-20151025-0001.jpg\" rel=\"lightbox[79]\"><img loading=\"lazy\" decoding=\"async\" class=\"alignnone size-thumbnail wp-image-988\" src=\"https:\/\/www.buecherei-kaifenheim.de\/wp-content\/uploads\/IMG-20151025-0001-150x150.jpg\" alt=\"IMG-20151025-0001\" width=\"150\" height=\"150\" \/><\/a><a href=\"https:\/\/www.buecherei-kaifenheim.de\/wp-content\/uploads\/100_7599.jpg\" rel=\"lightbox[79]\"><img loading=\"lazy\" decoding=\"async\" class=\"alignnone size-thumbnail wp-image-474\" src=\"https:\/\/www.buecherei-kaifenheim.de\/wp-content\/uploads\/100_7599-150x150.jpg\" alt=\"100_7599\" width=\"150\" height=\"150\" \/><\/a> <a href=\"https:\/\/www.buecherei-kaifenheim.de\/wp-content\/uploads\/100_7602.jpg\" rel=\"lightbox[79]\"><img loading=\"lazy\" decoding=\"async\" class=\"alignnone size-thumbnail wp-image-475\" src=\"https:\/\/www.buecherei-kaifenheim.de\/wp-content\/uploads\/100_7602-150x150.jpg\" alt=\"100_7602\" width=\"150\" height=\"150\" \/><\/a> <a href=\"https:\/\/www.buecherei-kaifenheim.de\/wp-content\/uploads\/100_7604.jpg\" rel=\"lightbox[79]\"><img loading=\"lazy\" decoding=\"async\" class=\"alignnone size-thumbnail wp-image-476\" src=\"https:\/\/www.buecherei-kaifenheim.de\/wp-content\/uploads\/100_7604-150x150.jpg\" alt=\"100_7604\" width=\"150\" height=\"150\" \/><\/a> <a href=\"https:\/\/www.buecherei-kaifenheim.de\/wp-content\/uploads\/100_7606.jpg\" rel=\"lightbox[79]\"><img loading=\"lazy\" decoding=\"async\" class=\"alignnone size-thumbnail wp-image-477\" src=\"https:\/\/www.buecherei-kaifenheim.de\/wp-content\/uploads\/100_7606-150x150.jpg\" alt=\"100_7606\" width=\"150\" height=\"150\" \/><\/a> <a href=\"https:\/\/www.buecherei-kaifenheim.de\/wp-content\/uploads\/100_7607.jpg\" rel=\"lightbox[79]\"><img loading=\"lazy\" decoding=\"async\" class=\"alignnone size-thumbnail wp-image-478\" src=\"https:\/\/www.buecherei-kaifenheim.de\/wp-content\/uploads\/100_7607-150x150.jpg\" alt=\"100_7607\" width=\"150\" height=\"150\" \/><\/a> <a href=\"https:\/\/www.buecherei-kaifenheim.de\/wp-content\/uploads\/100_7608.jpg\" rel=\"lightbox[79]\"><img loading=\"lazy\" decoding=\"async\" class=\"alignnone size-thumbnail wp-image-479\" src=\"https:\/\/www.buecherei-kaifenheim.de\/wp-content\/uploads\/100_7608-150x150.jpg\" alt=\"100_7608\" width=\"150\" height=\"150\" \/><\/a> <a href=\"https:\/\/www.buecherei-kaifenheim.de\/wp-content\/uploads\/100_7609.jpg\" rel=\"lightbox[79]\"><img loading=\"lazy\" decoding=\"async\" class=\"alignnone size-thumbnail wp-image-480\" src=\"https:\/\/www.buecherei-kaifenheim.de\/wp-content\/uploads\/100_7609-150x150.jpg\" alt=\"100_7609\" width=\"150\" height=\"150\" \/><\/a> <a href=\"https:\/\/www.buecherei-kaifenheim.de\/wp-content\/uploads\/100_7610.jpg\" rel=\"lightbox[79]\"><img loading=\"lazy\" decoding=\"async\" class=\"alignnone size-thumbnail wp-image-481\" src=\"https:\/\/www.buecherei-kaifenheim.de\/wp-content\/uploads\/100_7610-150x150.jpg\" alt=\"100_7610\" width=\"150\" height=\"150\" \/><\/a> <a href=\"https:\/\/www.buecherei-kaifenheim.de\/wp-content\/uploads\/100_7615.jpg\" rel=\"lightbox[79]\"><img loading=\"lazy\" decoding=\"async\" class=\"alignnone size-thumbnail wp-image-484\" src=\"https:\/\/www.buecherei-kaifenheim.de\/wp-content\/uploads\/100_7615-150x150.jpg\" alt=\"100_7615\" width=\"150\" height=\"150\" \/><\/a> <a href=\"https:\/\/www.buecherei-kaifenheim.de\/wp-content\/uploads\/100_7614.jpg\" rel=\"lightbox[79]\"><img loading=\"lazy\" decoding=\"async\" class=\"alignnone size-thumbnail wp-image-483\" src=\"https:\/\/www.buecherei-kaifenheim.de\/wp-content\/uploads\/100_7614-150x150.jpg\" alt=\"100_7614\" width=\"150\" height=\"150\" \/><\/a> <a href=\"https:\/\/www.buecherei-kaifenheim.de\/wp-content\/uploads\/100_7611.jpg\" rel=\"lightbox[79]\"><img loading=\"lazy\" decoding=\"async\" class=\"alignnone size-thumbnail wp-image-482\" src=\"https:\/\/www.buecherei-kaifenheim.de\/wp-content\/uploads\/100_7611-150x150.jpg\" alt=\"100_7611\" width=\"150\" height=\"150\" \/><\/a><\/h3>\n<\/div>\n","protected":false},"excerpt":{"rendered":"<p>J\u00e4hrliche Buchausstellung in Kaifenheim Die\u00a0K\u00f6b Kaifenheim f\u00fchrt einmal im Jahr, In\u00a0der Regel im Oktober, in der Gemeindehalle Kaifenheim eine Buchausstellung durch. Es werden B\u00fccher\u00a0u.a.\u00a0aus den Bereichen Bilderb\u00fccher f\u00fcr die Kleinsten Kinder- und Jugendb\u00fccher Romane und Biographien Sachb\u00fccher und Ratgeber f\u00fcr Erwachsene zu den Themenbereichen Eltern,\u00a0 Erziehung, Gesundheit, Religion, Freizeit, Lernen, Natur und Umwelt, Reisen Sachb\u00fccher [&hellip;]<\/p>\n","protected":false},"author":2,"featured_media":0,"parent":0,"menu_order":3,"comment_status":"closed","ping_status":"closed","template":"","meta":{"footnotes":""},"class_list":["post-79","page","type-page","status-publish","hentry"],"_links":{"self":[{"href":"https:\/\/www.buecherei-kaifenheim.de\/index.php?rest_route=\/wp\/v2\/pages\/79","targetHints":{"allow":["GET"]}}],"collection":[{"href":"https:\/\/www.buecherei-kaifenheim.de\/index.php?rest_route=\/wp\/v2\/pages"}],"about":[{"href":"https:\/\/www.buecherei-kaifenheim.de\/index.php?rest_route=\/wp\/v2\/types\/page"}],"author":[{"embeddable":true,"href":"https:\/\/www.buecherei-kaifenheim.de\/index.php?rest_route=\/wp\/v2\/users\/2"}],"replies":[{"embeddable":true,"href":"https:\/\/www.buecherei-kaifenheim.de\/index.php?rest_route=%2Fwp%2Fv2%2Fcomments&post=79"}],"version-history":[{"count":34,"href":"https:\/\/www.buecherei-kaifenheim.de\/index.php?rest_route=\/wp\/v2\/pages\/79\/revisions"}],"predecessor-version":[{"id":1777,"href":"https:\/\/www.buecherei-kaifenheim.de\/index.php?rest_route=\/wp\/v2\/pages\/79\/revisions\/1777"}],"wp:attachment":[{"href":"https:\/\/www.buecherei-kaifenheim.de\/index.php?rest_route=%2Fwp%2Fv2%2Fmedia&parent=79"}],"curies":[{"name":"wp","href":"https:\/\/api.w.org\/{rel}","templated":true}]}}