{"id":7,"date":"2013-07-02T20:44:25","date_gmt":"2013-07-02T19:44:25","guid":{"rendered":"http:\/\/cloud.mayworld.net\/?page_id=7"},"modified":"2016-08-10T19:55:57","modified_gmt":"2016-08-10T18:55:57","slug":"home","status":"publish","type":"page","link":"https:\/\/www.buecherei-kaifenheim.de\/","title":{"rendered":"Die B\u00fccherei"},"content":{"rendered":"<h1 style=\"text-align: left;\">Herzlich Willkommen &#8230;<\/h1>\n<p>&#8230; auf den Internetseiten der\u00a0<b>Katholischen \u00d6ffentlichen B\u00fccherei St. Nikolaus Kaifenheim<\/b>. Die B\u00fccherei\u00a0ist eine Einrichtung der Kirchengemeinde und\u00a0f\u00fcr\u00a0alle\u00a0zug\u00e4nglich.<\/p>\n<p style=\"text-align: center;\"><b>Die Ausleihe unseres Angebotes ist kostenlos!<\/b><\/p>\n<p>Sie finden bei uns\u00a0praktische Informationen zu jedem Lebensabschnitt.\u00a0Vom Ratgeber \u00fcber Ideen f\u00fcr einen gelungenen Kindergeburtstag bis hin zu Tipps f\u00fcr Oma und Opa.\u00a0F\u00fcr Ihre Freizeit finden\u00a0Sie laufend\u00a0aktuelle Angebote, ob Sie Romane lesen oder Ihre Wohnung neu dekorieren m\u00f6chten.\u00a0Vorbeischauen\u00a0lohnt sich immer!<\/p>\n<p style=\"text-align: center;\"><b>Wir freuen uns auf Ihren Besuch!<br \/>\n<\/b><\/p>\n<p style=\"text-align: center;\"><a href=\"https:\/\/www.buecherei-kaifenheim.de\/wp-content\/uploads\/20141007_0821181-e1426237117699.jpg\" rel=\"lightbox[7]\"><img loading=\"lazy\" decoding=\"async\" class=\"alignnone size-thumbnail wp-image-842\" src=\"https:\/\/www.buecherei-kaifenheim.de\/wp-content\/uploads\/20141007_0821181-150x150.jpg\" alt=\"20141007_082118\" width=\"150\" height=\"150\" \/><\/a>\u00a0 <a href=\"https:\/\/www.buecherei-kaifenheim.de\/wp-content\/uploads\/20141007_082244-e1426237061915.jpg\" rel=\"lightbox[7]\"><img loading=\"lazy\" decoding=\"async\" class=\"alignnone size-thumbnail wp-image-844\" src=\"https:\/\/www.buecherei-kaifenheim.de\/wp-content\/uploads\/20141007_082244-150x150.jpg\" alt=\"20141007_082244\" width=\"150\" height=\"150\" \/><\/a>\u00a0 <a href=\"https:\/\/www.buecherei-kaifenheim.de\/wp-content\/uploads\/20141007_082135-e1426237082362.jpg\" rel=\"lightbox[7]\"><img loading=\"lazy\" decoding=\"async\" class=\"alignnone size-thumbnail wp-image-843\" src=\"https:\/\/www.buecherei-kaifenheim.de\/wp-content\/uploads\/20141007_082135-150x150.jpg\" alt=\"20141007_082135\" width=\"150\" height=\"150\" \/><\/a>\u00a0 <a href=\"https:\/\/www.buecherei-kaifenheim.de\/wp-content\/uploads\/100_83391-e1426237165247.jpg\" rel=\"lightbox[7]\"><img loading=\"lazy\" decoding=\"async\" class=\"alignnone size-thumbnail wp-image-840\" src=\"https:\/\/www.buecherei-kaifenheim.de\/wp-content\/uploads\/100_83391-150x150.jpg\" alt=\"100_8339\" width=\"150\" height=\"150\" \/><\/a><\/p>\n<p>&nbsp;<\/p>\n<h1>Zugang und \u00d6ffnungszeiten<\/h1>\n<p>Die\u00a0B\u00fccherei befindet sich in der Pfarrkirche St. Nikolaus\u00a0Kaifenheim.<br \/>\nDer Zugang erfolgt \u00fcber\u00a0den Eingang der Sakristei und dann die Treppe hoch.<\/p>\n<p>Die aktuellen \u00d6ffnungszeiten entnehmen Sie bitte den Eintr\u00e4gen<br \/>\nin der <a href=\"https:\/\/www.buecherei-kaifenheim.de\/?cat=3\">&#8218;Kategorie \u00d6ffnungszeiten&#8216;<\/a>\u00a0unserer Homepage.<\/p>\n<p>&nbsp;<\/p>\n<p style=\"text-align: center;\"><img loading=\"lazy\" decoding=\"async\" class=\"size-full wp-image-143 aligncenter\" src=\"https:\/\/www.buecherei-kaifenheim.de\/wp-content\/uploads\/2013\/05\/ldw01.jpg\" alt=\"leih dir was\" width=\"270\" height=\"55\" \/><\/p>\n","protected":false},"excerpt":{"rendered":"<p>Herzlich Willkommen &#8230; &#8230; auf den Internetseiten der\u00a0Katholischen \u00d6ffentlichen B\u00fccherei St. Nikolaus Kaifenheim. Die B\u00fccherei\u00a0ist eine Einrichtung der Kirchengemeinde und\u00a0f\u00fcr\u00a0alle\u00a0zug\u00e4nglich. Die Ausleihe unseres Angebotes ist kostenlos! Sie finden bei uns\u00a0praktische Informationen zu jedem Lebensabschnitt.\u00a0Vom Ratgeber \u00fcber Ideen f\u00fcr einen gelungenen Kindergeburtstag bis hin zu Tipps f\u00fcr Oma und Opa.\u00a0F\u00fcr Ihre Freizeit finden\u00a0Sie laufend\u00a0aktuelle Angebote, ob [&hellip;]<\/p>\n","protected":false},"author":2,"featured_media":0,"parent":0,"menu_order":0,"comment_status":"closed","ping_status":"closed","template":"","meta":{"footnotes":""},"class_list":["post-7","page","type-page","status-publish","hentry"],"_links":{"self":[{"href":"https:\/\/www.buecherei-kaifenheim.de\/index.php?rest_route=\/wp\/v2\/pages\/7","targetHints":{"allow":["GET"]}}],"collection":[{"href":"https:\/\/www.buecherei-kaifenheim.de\/index.php?rest_route=\/wp\/v2\/pages"}],"about":[{"href":"https:\/\/www.buecherei-kaifenheim.de\/index.php?rest_route=\/wp\/v2\/types\/page"}],"author":[{"embeddable":true,"href":"https:\/\/www.buecherei-kaifenheim.de\/index.php?rest_route=\/wp\/v2\/users\/2"}],"replies":[{"embeddable":true,"href":"https:\/\/www.buecherei-kaifenheim.de\/index.php?rest_route=%2Fwp%2Fv2%2Fcomments&post=7"}],"version-history":[{"count":38,"href":"https:\/\/www.buecherei-kaifenheim.de\/index.php?rest_route=\/wp\/v2\/pages\/7\/revisions"}],"predecessor-version":[{"id":1139,"href":"https:\/\/www.buecherei-kaifenheim.de\/index.php?rest_route=\/wp\/v2\/pages\/7\/revisions\/1139"}],"wp:attachment":[{"href":"https:\/\/www.buecherei-kaifenheim.de\/index.php?rest_route=%2Fwp%2Fv2%2Fmedia&parent=7"}],"curies":[{"name":"wp","href":"https:\/\/api.w.org\/{rel}","templated":true}]}}